 7, 13, 79, 97
What are the prime factors of 1455756?
2, 3, 121313
List the prime factors of 3267394.
2, 13, 125669
List the prime factors of 2886484.
2, 721621
What are the prime factors of 3627618?
2, 3, 604603
What are the prime factors of 1257858?
2, 3, 7, 67, 149
What are the prime factors of 205125?
3, 5, 547
List the prime factors of 273993.
3, 91331
List the prime factors of 4090816.
2, 41, 1559
List the prime factors of 240251.
11, 21841
What are the prime factors of 399688?
2, 47, 1063
What are the prime factors of 208869?
3, 69623
List the prime factors of 12590994.
2, 3, 13, 337, 479
What are the prime factors of 3373402?
2, 1686701
List the prime factors of 185153.
185153
List the prime factors of 6974648.
2, 37, 23563
What are the prime factors of 303047?
179, 1693
What are the prime factors of 557547?
3, 185849
List the prime factors of 1126131.
3, 17, 71, 311
What are the prime factors of 7041465?
3, 5, 43, 1213
What are the prime factors of 290099?
23, 12613
What are the prime factors of 313976?
2, 13, 3019
List the prime factors of 97512.
2, 3, 17, 239
List the prime factors of 1195659.
3, 132851
What are the prime factors of 369063?
3, 13669
What are the prime factors of 860796?
2, 3, 23911
What are the prime factors of 3964612?
2, 53, 18701
List the prime factors of 706517.
7, 100931
List the prime factors of 817156.
2, 17, 61, 197
What are the prime factors of 7611616?
2, 31, 7673
List the prime factors of 3018571.
17, 37, 4799
What are the prime factors of 682330?
2, 5, 11, 6203
What are the prime factors of 797445?
3, 5, 11, 179
What are the prime factors of 17561511?
3, 11, 179, 991
List the prime factors of 17619533.
17619533
What are the prime factors of 443984?
2, 27749
List the prime factors of 72904.
2, 13, 701
What are the prime factors of 1111240?
2, 5, 13, 2137
List the prime factors of 6541132.
2, 13, 125791
What are the prime factors of 608251?
7, 31, 2803
List the prime factors of 5377457.
17, 316321
What are the prime factors of 5711964?
2, 3, 475997
What are the prime factors of 341835?
3, 5, 13, 1753
What are the prime factors of 21706079?
21706079
List the prime factors of 327455.
5, 79, 829
List the prime factors of 243621.
3, 7, 1289
List the prime factors of 955717.
7, 136531
List the prime factors of 842350.
2, 5, 17, 991
What are the prime factors of 20595918?
2, 3, 7, 61, 8039
What are the prime factors of 8219887?
13, 632299
List the prime factors of 39014676.
2, 3, 19, 19013
What are the prime factors of 1335589?
37, 36097
What are the prime factors of 178688?
2, 349
List the prime factors of 261459.
3, 11, 19, 139
What are the prime factors of 16174311?
3, 5391437
List the prime factors of 190898.
2, 31, 3079
What are the prime factors of 676069?
676069
List the prime factors of 1994237.
7, 431, 661
List the prime factors of 2002563.
3, 41, 67
What are the prime factors of 16115?
5, 11, 293
What are the prime factors of 6794506?
2, 3397253
List the prime factors of 1609073.
71, 131, 173
List the prime factors of 784973.
7, 112139
What are the prime factors of 100536?
2, 3, 59, 71
List the prime factors of 256886.
2, 7, 59, 311
What are the prime factors of 10261702?
2, 11, 466441
List the prime factors of 6152592.
2, 3, 23, 5573
What are the prime factors of 634836?
2, 3, 52903
List the prime factors of 3170762.
2, 7, 226483
List the prime factors of 4173076.
2, 719, 1451
What are the prime factors of 457276?
2, 114319
What are the prime factors of 7588587?
3, 2529529
What are the prime factors of 385011?
3, 11, 3889
What are the prime factors of 160405?
5, 7, 4583
List the prime factors of 4599.
3, 7, 73
List the prime factors of 1219599.
3, 135511
List the prime factors of 2871581.
1657, 1733
List the prime factors of 19947.
3, 61, 109
What are the prime factors of 2960363?
7, 17, 24877
List the prime factors of 14279723.
14279723
What are the prime factors of 10412069?
1031, 10099
List the prime factors of 9461310.
2, 3, 5, 315377
List the prime factors of 9354732.
2, 3, 779561
What are the prime factors of 837401?
89, 97
What are the prime factors of 13219644?
2, 3, 113, 9749
List the prime factors of 4191611.
53, 79087
What are the prime factors of 2514208?
2, 78569
List the prime factors of 185802.
2, 3, 173, 179
What are the prime factors of 34298?
2, 11, 1559
What are the prime factors of 12238334?
2, 17, 593, 607
List the prime factors of 1170415.
5, 234083
List the prime factors of 9242008.
2, 37, 31223
What are the prime factors of 169286?
2, 13, 17, 383
List the prime factors of 1527396.
2, 3, 13, 9791
What are the prime factors of 681077?
43, 47, 337
What are the prime factors of 213868?
2, 127, 421
List the prime factors of 1837650.
2, 3, 5, 12251
What are the prime factors of 43712928?
2, 3, 7, 21683
What are the prime factors of 379692?
2, 3, 53, 199
List the prime factors of 647924.
2, 43, 3767
List the prime factors of 1653152.
2, 19, 2719
What are the prime factors of 6454002?
2, 3, 1075667
What are the prime factors of 63296?
2, 23, 43
What are the prime factors of 4525932?
2, 3, 137, 2753
List the prime factors of 32629070.
2, 5, 3262907
What are the prime factors of 1944247?
29, 67043
List the prime factors of 2851001.
2851001
List the prime factors of 9230130.
2, 3, 5, 7, 13, 23
List the prime factors of 1006184.
2, 29, 4337
What are the prime factors of 5348090?
2, 5, 11, 48619
List the prime factors of 139131.
3, 5153
What are the prime factors of 7305743?
23, 43, 83, 89
List the prime factors of 3912020.
2, 5, 7, 27943
What are the prime factors of 5608708?
2, 7, 17, 11783
List the prime factors of 268357.
101, 2657
List the prime factors of 2123532.
2, 3, 61, 967
What are the prime factors of 30729?
3, 10243
What are the prime factors of 140849?
61, 2309
What are the prime factors of 886057?
17, 52121
What are the prime factors of 90698?
2, 101, 449
What are the prime factors of 2470804?
2, 7, 79, 1117
What are the prime factors of 710446?
2, 11, 43, 751
What are the prime factors of 297775?
5, 43, 277
List the prime factors of 2056434.
2, 3, 89, 3851
What are the prime factors of 672039?
3, 89, 839
What are the prime factors of 128014?
2, 64007
What are the prime factors of 483965?
5, 43, 2251
List the prime factors of 157309.
47, 3347
What are the prime factors of 758691?
3, 84299
List the prime factors of 216439.
41, 5279
List the prime factors of 13842731.
7, 1361, 1453
List the prime factors of 41723.
11, 3793
List the prime factors of 942524.
2, 11, 31, 691
List the prime factors of 82216.
2, 43, 239
List the prime factors of 54367.
54367
What are the prime factors of 207316?
2, 51829
List the prime factors of 147042.
2, 3, 7, 389
What are the prime factors of 6617557?
6617557
List the prime factors of 727466.
2, 47, 71, 109
List the prime factors of 9859628.
2, 71, 149, 233
List the prime factors of 2185399.
19, 115021
List the prime factors of 3514064.
2, 219629
What are the prime factors of 214429?
23, 9323
List the prime factors of 161959.
7, 17, 1361
List the prime factors of 4104088.
2, 359, 1429
What are the prime factors of 9143195?
5, 17, 263, 409
List the prime factors of 565183.
565183
What are the prime factors of 763310?
2, 5, 37, 2063
List the prime factors of 383379.
3, 47, 2719
List the prime factors of 61469.
61469
What are the prime factors of 200171?
200171
List the prime factors of 4031499.
3, 17, 137, 577
List the prime factors of 2054415.
3, 5, 11, 12451
List the prime factors of 7237228.
2, 149, 12143
List the prime factors of 828432.
2, 3, 11, 523
What are the prime factors of 9760685?
5, 11, 177467
List the prime factors of 3129497.
7, 37, 43, 281
List the prime factors of 405200.
2, 5, 1013
What are the prime factors of 208068?
2, 3, 7, 2477
What are the prime factors of 1854376?
2, 29, 7993
List the prime factors of 179957.
179957
List the prime factors of 10333041.
3, 1279, 2693
What are the prime factors of 461387?
223, 2069
What are the prime factors of 143552?
2, 2243
List the prime factors of 9605075.
5, 384203
What are the prime factors of 21346666?
2, 11, 970303
List the prime factors of 42063.
3, 7, 2003
List the prime factors of 3156530.
2, 5, 13, 24281
List the prime factors of 516181.
31, 16651
List the prime factors of 2